 base 12, what is -a89 + 1?
-a88
In base 7, what is -15 + -12?
-30
In base 10, what is 196 - 57?
139
In base 15, what is 0 + 11?
11
In base 16, what is 1 + a10?
a11
In base 7, what is -2 + 420?
415
In base 8, what is -4006 + 5?
-4001
In base 10, what is 2 + 98?
100
In base 5, what is -400 + -214?
-1114
In base 10, what is 1 - -59?
60
In base 14, what is 3 + 3a?
3d
In base 7, what is 12 + 153?
165
In base 7, what is -32 + 156?
124
In base 8, what is -235 + -31?
-266
In base 6, what is -3021 + -3?
-3024
In base 6, what is 24 - -3?
31
In base 4, what is -1321 - 2?
-1323
In base 13, what is 3 - -14b1?
14b4
In base 6, what is 142 - 5?
133
In base 16, what is -30 - 25?
-55
In base 6, what is 2 - -2403?
2405
In base 10, what is -41 + 3?
-38
In base 9, what is 1704 - 3?
1701
In base 9, what is -2 - 1483?
-1485
In base 6, what is 5 - 1034?
-1025
In base 10, what is -2 + 215?
213
In base 6, what is -2035 + -34?
-2113
In base 3, what is 222 + -2?
220
In base 8, what is -67 - 154?
-243
In base 5, what is -13 + -140?
-203
In base 2, what is 1 + -11010111?
-11010110
In base 3, what is -1 + 1010200?
1010122
In base 7, what is -26 + 206?
150
In base 8, what is 52 - -242?
314
In base 11, what is 10 - 466?
-456
In base 11, what is 127 + -69?
69
In base 7, what is 134 - 236?
-102
In base 5, what is -22 - -32?
10
In base 15, what is -5 - 44a?
-450
In base 4, what is 21 - 0?
21
In base 4, what is -1221 + -3?
-1230
In base 3, what is -11 - 2222?
-10010
In base 5, what is -100 - 4?
-104
In base 11, what is -30 - 15?
-45
In base 14, what is -4 - 289?
-28d
In base 11, what is 15 + 8?
22
In base 12, what is -5b6 - 0?
-5b6
In base 14, what is -15a + -3?
-15d
In base 5, what is -3412 + -2?
-3414
In base 6, what is -2020 - 3?
-2023
In base 3, what is -2101111 + 1?
-2101110
In base 2, what is 10101110 + -1?
10101101
In base 12, what is -9 + -11?
-1a
In base 8, what is -35 - -4?
-31
In base 12, what is -1b - 1?
-20
In base 4, what is -1 - -10102?
10101
In base 4, what is -1231101 + -11?
-1231112
In base 9, what is 14 + 474?
488
In base 15, what is 2e51 - -1?
2e52
In base 8, what is 2 - -6422?
6424
In base 6, what is -1 + 124?
123
In base 9, what is 8 - 1662?
-1653
In base 6, what is -3 - -5441?
5434
In base 15, what is be + -4?
ba
In base 13, what is -b - -a2?
94
In base 9, what is -17 - 78?
-106
In base 16, what is 2 + d0?
d2
In base 3, what is -111022 - 10?
-111102
In base 13, what is 3 - 95b?
-958
In base 6, what is -541 + -4?
-545
In base 13, what is -11 - -3?
-b
In base 2, what is -110110 + -10?
-111000
In base 7, what is -33 - 401?
-434
In base 15, what is -2 + 720?
71d
In base 8, what is -4 + -146?
-152
In base 2, what is 0 + -1001100?
-1001100
In base 10, what is 5 - 160?
-155
In base 15, what is -4 + -347?
-34b
In base 5, what is -4 + -21?
-30
In base 4, what is 31 - 2?
23
In base 3, what is 10 + -110110?
-110100
In base 2, what is -1110 + -110001?
-111111
In base 2, what is -1111 + 1000101?
110110
In base 6, what is 2355 + -110?
2245
In base 15, what is 9 + 8?
12
In base 8, what is -5 + -2756?
-2763
In base 12, what is 40 + -69?
-29
In base 14, what is -2 + 3d?
3b
In base 16, what is -bef + 3?
-bec
In base 6, what is 123 - 11?
112
In base 16, what is 4 + c?
10
In base 14, what is 0 - -85a?
85a
In base 8, what is 121271 + 3?
121274
In base 4, what is -2 - 1003?
-1011
In base 15, what is -cd8 - 3?
-cdb
In base 14, what is -51 + -ba?
-12b
In base 12, what is -3 + 1?
-2
In base 14, what is -29 - 3?
-2c
In base 2, what is 11 - -10110000010?
10110000101
In base 2, what is -100 - 1101101?
-1110001
In base 5, what is 331 - 1?
330
In base 5, what is -432 - -102?
-330
In base 3, what is -12 + 2012?
2000
In base 7, what is 5 - -2235?
2243
In base 7, what is 1 + 2206?
2210
In base 6, what is -2555 + -2?
-3001
In base 3, what is 1011 - 11?
1000
In base 15, what is 2 + -67?
-65
In base 12, what is 43 + 2?
45
In base 11, what is 4 - -56?
5a
In base 4, what is 30202 + -21?
30121
In base 2, what is 10110000 + -10?
10101110
In base 14, what is -30 + -4b?
-7b
In base 13, what is 3 - -1cc?
202
In base 8, what is 1 - -54?
55
In base 7, what is 160 + 2?
162
In base 4, what is -1213 + 1?
-1212
In base 5, what is -3 - -12?
4
In base 6, what is 35 + -2?
33
In base 16, what is -d8d + 3?
-d8a
In base 13, what is -4a4 - -7?
-49a
In base 11, what is 2112 - 5?
2108
In base 2, what is 1 + -1000010100?
-1000010011
In base 7, what is 0 - -452?
452
In base 2, what is -1001010 - 100?
-1001110
In base 5, what is -3044 - 0?
-3044
In base 15, what is 0 - -51?
51
In base 6, what is -354 + 1?
-353
In base 9, what is 3 - 1014?
-1011
In base 4, what is 0 + -11333?
-11333
In base 14, what is -7 + -7cb?
-7d4
In base 9, what is -1 + -44?
-45
In base 8, what is 6 - 37?
-31
In base 14, what is 1213 + 1?
1214
In base 14, what is 6 - 8?
-2
In base 16, what is 13 - -5?
18
In base 12, what is 2 + -30?
-2a
In base 13, what is 1 - 24?
-23
In base 2, what is -10011011011 + -111?
-10011100010
In base 2, what is 101 - 10011111000?
-10011110011
In base 12, what is 7 - -1b89?
1b94
In base 13, what is -7 - 245?
-24c
In base 2, what is -1000000100 + 101?
-111111111
In base 2, what is -1000000 - 10?
-1000010
In base 7, what is 1344 + 3?
1350
In base 8, what is -1 - 326?
-327
In base 15, what is -6c20 + 1?
-6c1e
In base 14, what is 1 - -29?
2a
In base 6, what is -33 - 14?
-51
In base 16, what is -154 + 2?
-152
In base 2, what is 100001 - -101100?
1001101
In base 2, what is 1100111 - -1100010?
11001001
In base 4, what is -10 - -3120?
3110
In base 2, what is 11100111 - -1?
11101000
In base 9, what is 628 - 3?
625
In base 14, what is -d + 13?
4
In base 2, what is -101100110101 + -101?
-101100111010
In base 5, what is 2 + 124342?
124344
In base 9, what is -22 + 73?
51
In base 15, what is 156 - 2?
154
In base 10, what is 9 - 92?
-83
In base 11, what is 335 - 0?
335
In base 11, what is 4392 - -1?
4393
In base 11, what is -57 - -7?
-50
In base 13, what is 35 - 5?
30
In base 11, what is -96 + -1?
-97
In base 15, what is -212 + 1?
-211
In base 9, what is -2233 - -3?
-2230
In base 7, what is 632 - -62?
1024
In base 14, what is -35 + -1b?
-52
In base 9, what is 3 - -58?
62
In base 15, what is -2b6 - -1?
-2b5
In base 12, what is 5b6 - 6?
5b0
In base 7, what is -21 + 21?
0
In base 10, what is 15 + -5?
10
In base 9, what is 5 + 1216?
1222
In base 2, what is -101 - -10001010111?
10001010010
In base 14, what is 27 - d?
18
In base 13, what is 2 + -1c6?
-1c4
In base 12, what is -40494 - -3?
-40491
In base 12, what is -a - -56?
48
In base 14, what is 17 - 5?
12
In base 14, what is -150ca - -2?
-150c8
In base 13, what is 39 - 29?
10
In base 4, what is -2 + -231?
-233
In base 16, what is 5 - -69?
6e
In base 2, what is -1010111 - -1010?
-1001101
In base 13, what is 10a + -4a?
90
In base 3, what is 10221 + 2?
11000
In base 7, what is 2251 - 13?
2235
In base 13, what is -13c - 3?
-142
In base 3, what is 2221 + -1?
2220
In base 12, what is 0 - 2510?
-2510
In base 10, what is -523 + 5?
-518
In base 6, what is -1 + 0?
-1
In base 8, what is 0 - 13?
-13
In base 5, what is 1130 + -1?
1124
In base 10, what is -73 + 5?
-68
In base 12, what is 5 + 146?
14b
In base 5, what is 4 - 10142?
-10133
In base 13, what is -3 - 197?
-19a
In base 8, what is 1 - -202?
203
In base 2, what is 111100 - -11?
111111
In base 11, what is 14 + 9?
22
In base 4, what is -1333 + -13?
-2012
In base 12, what is -1a - -6?
-14
In base 14, what is -5 - -6?
1
In base 4, what is 1 + -213?
-212
In base 12, what is -1327 + 7?
-1320
In base 6, what is 0 - -24?
24
In base 13, what is 2 + -83?
-81
In base 13, what is 76 - -93?
139
In base 5, what is 40 + 2?
42
In base 13, what is 5 + 26?
2b
In base 9, what is -346 - -5?
-341
In base 16, what is ca5 - -1?
ca6
In base 13, what is -1 + 77?
76
In base 9, what is 2701 - -2?
2703
In base 8, what is -11 + 14?
3
In base 8, what is -174 + 15?
-157
In base 7, what is 1 + -1?
0
In base 2, what is 111010 - -1010?
1000100
In base 7, what is -66 - 4?
-103
In base 16, what is -5 + -3c?
-41
In base 4, what is 30302 + -2?
30300
In base 4, what is -103120 - 0?
-103120
In base 16, what is 1db + 9?
1e4
In base 3, what is 12 + -1111?
-1022
In base 6, what is -14545 + -2?
-14551
In base 3, what is -1 + 112002?
112001
In base 12, what is a + -503?
-4b5
In base